ed by 575.
137
Calculate the remainder when 21215 is divided by 528.
95
What is the remainder when 16141 is divided by 143?
125
Calculate the remainder when 265 is divided by 122.
21
Calculate the remainder when 3215 is divided by 1571.
73
Calculate the remainder when 13310 is divided by 494.
466
What is the remainder when 91278 is divided by 2278?
158
Calculate the remainder when 124937 is divided by 16.
9
What is the remainder when 27107 is divided by 3361?
219
What is the remainder when 165478 is divided by 130?
118
Calculate the remainder when 11845 is divided by 181.
80
What is the remainder when 112374 is divided by 14043?
30
What is the remainder when 34170 is divided by 9?
6
What is the remainder when 29315 is divided by 1035?
335
What is the remainder when 16818 is divided by 2663?
840
Calculate the remainder when 5364 is divided by 1268.
292
What is the remainder when 49847 is divided by 339?
14
What is the remainder when 623 is divided by 211?
201
Calculate the remainder when 28300 is divided by 318.
316
What is the remainder when 1174053 is divided by 73?
67
What is the remainder when 2036 is divided by 400?
36
Calculate the remainder when 2415774 is divided by 25.
24
What is the remainder when 81667 is divided by 91?
40
Calculate the remainder when 66500 is divided by 1174.
756
What is the remainder when 722 is divided by 365?
357
Calculate the remainder when 10024 is divided by 125.
24
What is the remainder when 509268 is divided by 254627?
14
What is the remainder when 243587 is divided by 34798?
1
What is the remainder when 12742 is divided by 59?
57
Calculate the remainder when 214591 is divided by 32.
31
Calculate the remainder when 389 is divided by 28.
25
What is the remainder when 44228 is divided by 73?
63
What is the remainder when 77078 is divided by 456?
14
What is the remainder when 117463 is divided by 15?
13
Calculate the remainder when 22552 is divided by 17.
10
What is the remainder when 2091 is divided by 1170?
921
What is the remainder when 357925 is divided by 46?
45
Calculate the remainder when 1118 is divided by 1075.
43
Calculate the remainder when 22841 is divided by 3259.
28
What is the remainder when 102178 is divided by 13?
11
What is the remainder when 39910 is divided by 167?
164
What is the remainder when 257735 is divided by 598?
595
What is the remainder when 1045 is divided by 399?
247
What is the remainder when 369 is divided by 16?
1
What is the remainder when 3670 is divided by 15?
10
What is the remainder when 5573 is divided by 5028?
545
Calculate the remainder when 220439 is divided by 329.
9
Calculate the remainder when 15304 is divided by 2539.
70
What is the remainder when 151254 is divided by 612?
90
Calculate the remainder when 513856 is divided by 69.
13
Calculate the remainder when 8655 is divided by 1694.
185
Calculate the remainder when 4419 is divided by 632.
627
What is the remainder when 127354 is divided by 13?
6
What is the remainder when 33601 is divided by 400?
1
Calculate the remainder when 260833 is divided by 217.
216
Calculate the remainder when 49076 is divided by 15.
11
Calculate the remainder when 5755 is divided by 5754.
1
What is the remainder when 11482 is divided by 1367?
546
Calculate the remainder when 26920 is divided by 1346.
0
What is the remainder when 1495 is divided by 35?
25
What is the remainder when 142 is divided by 40?
22
Calculate the remainder when 51841 is divided by 33.
31
What is the remainder when 16413 is divided by 213?
12
Calculate the remainder when 2755 is divided by 1133.
489
What is the remainder when 62824 is divided by 180?
4
Calculate the remainder when 4045 is divided by 106.
17
What is the remainder when 134 is divided by 50?
34
Calculate the remainder when 888 is divided by 33.
30
What is the remainder when 7263 is divided by 260?
243
What is the remainder when 30842 is divided by 5123?
104
Calculate the remainder when 6985 is divided by 3479.
27
What is the remainder when 1177170 is divided by 28?
22
What is the remainder when 16635 is divided by 129?
123
What is the remainder when 934827 is divided by 7?
5
Calculate the remainder when 47751 is divided by 835.
156
What is the remainder when 1839 is divided by 23?
22
Calculate the remainder when 3099 is divided by 1024.
27
What is the remainder when 31360 is divided by 106?
90
What is the remainder when 6391 is divided by 322?
273
What is the remainder when 3746 is divided by 6?
2
Calculate the remainder when 24583 is divided by 293.
264
What is the remainder when 143864 is divided by 23975?
14
Calculate the remainder when 67060 is divided by 67053.
7
Calculate the remainder when 10015 is divided by 2502.
7
What is the remainder when 20018 is divided by 20012?
6
Calculate the remainder when 5970 is divided by 1870.
360
Calculate the remainder when 2549 is divided by 2285.
264
What is the remainder when 38703 is divided by 503?
475
Calculate the remainder when 18282 is divided by 2608.
26
Calculate the remainder when 419392 is divided by 45.
37
Calculate the remainder when 809721 is divided by 19.
17
Calculate the remainder when 8802 is divided by 550.
2
Calculate the remainder when 771 is divided by 190.
11
Calculate the remainder when 1057 is divided by 137.
98
Calculate the remainder when 128488 is divided by 231.
52
Calculate the remainder when 21008 is divided by 103.
99
Calculate the remainder when 1307 is divided by 114.
53
What is the remainder when 1997 is divided by 449?
201
Calculate the remainder when 316193 is divided by 17.
10
What is the remainder when 21958 is divided by 26?
14
Calculate the remainder when 488 is divided by 157.
17
What is the remainder when 881433 is divided by 27?
18
Calculate the remainder when 8785 is divided by 556.
445
What is the remainder when 2136 is divided by 703?
27
What is the remainder when 170280 is divided by 354?
6
Calculate the remainder when 71124 is divided by 11.
9
Calculate the remainder when 345765 is divided by 487.
482
Calculate the remainder when 10177 is divided by 363.
13
Calculate the remainder when 10613 is divided by 178.
111
Calculate the remainder when 725 is divided by 166.
61
What is the remainder when 1041 is divided by 233?
109
What is the remainder when 21595 is divided by 223?
187
Calculate the remainder when 7867 is divided by 603.
28
What is the remainder when 13430 is divided by 121?
120
What is the remainder when 46609 is divided by 367?
0
What is the remainder when 483 is divided by 227?
29
Calculate the remainder when 95800 is divided by 25.
0
Calculate the remainder when 10890 is divided by 8.
2
What is the remainder when 15540 is divided by 2568?
132
Calculate the remainder when 12821 is divided by 4271.
8
Calculate the remainder when 285748 is divided by 40817.
29
What is the remainder when 15603 is divided by 99?
60
What is the remainder when 2857 is divided by 120?
97
What is the remainder when 19196 is divided by 85?
71
What is the remainder when 99061 is divided by 670?
571
Calculate the remainder when 14355 is divided by 211.
7
Calculate the remainder when 71901 is divided by 229.
224
Calculate the remainder when 12070 is divided by 263.
235
Calculate the remainder when 1528 is divided by 185.
48
What is the remainder when 7557 is divided by 7540?
17
Calculate the remainder when 18838 is divided by 117.
1
What is the remainder when 96419 is divided by 73?
59
Calculate the remainder when 7044 is divided by 355.
299
What is the remainder when 94388 is divided by 738?
662
Calculate the remainder when 32114 is divided by 44.
38
What is the remainder when 9994 is divided by 1026?
760
What is the remainder when 48151 is divided by 8023?
13
Calculate the remainder when 2793 is divided by 929.
6
What is the remainder when 63446 is divided by 88?
86
What is the remainder when 278058 is divided by 33?
0
Calculate the remainder when 55476 is divided by 154.
36
Calculate the remainder when 1161193 is divided by 279.
274
What is the remainder when 11924 is divided by 1751?
1418
What is the remainder when 392439 is divided by 177?
30
What is the remainder when 142075 is divided by 22?
21
What is the remainder when 97335 is divided by 28?
7
Calculate the remainder when 1498 is divided by 1398.
100
Calculate the